 multiple of 59?
False
Does 159 divide 11520958?
False
Does 14 divide 396645?
False
Does 8 divide 2626360?
True
Does 89 divide 5183088?
False
Does 254 divide 283661?
False
Does 11 divide 13642?
False
Is 18 a factor of 14797026?
True
Is 666432 a multiple of 52?
True
Is 24 a factor of 2900941?
False
Does 47 divide 1300302?
True
Is 4966808 a multiple of 77?
True
Is 38366 a multiple of 8?
False
Does 18 divide 653748?
False
Does 221 divide 967980?
True
Is 543229 a multiple of 292?
False
Does 132 divide 320364?
True
Does 25 divide 52576?
False
Is 25 a factor of 179295?
False
Does 18 divide 305258?
False
Is 488889 a multiple of 57?
True
Is 22 a factor of 147799?
False
Is 5 a factor of 57431?
False
Is 1687361 a multiple of 91?
False
Does 20 divide 2106540?
True
Is 78 a factor of 57497?
False
Is 7 a factor of 8141?
True
Is 27154131 a multiple of 249?
False
Does 230 divide 10399632?
False
Does 15 divide 1514?
False
Is 381 a factor of 7070979?
True
Does 22 divide 2589563?
False
Is 525 a factor of 495075?
True
Is 472 a factor of 489936?
True
Is 16 a factor of 1595744?
True
Is 14 a factor of 1098608?
True
Does 32 divide 414505?
False
Does 53 divide 132567?
False
Is 131 a factor of 841962?
False
Is 12 a factor of 387288?
True
Is 3 a factor of 3101?
False
Does 921 divide 1653195?
True
Is 219 a factor of 5745027?
True
Does 8 divide 10904?
True
Is 2171880 a multiple of 180?
True
Is 2 a factor of 64767?
False
Is 12419872 a multiple of 16?
True
Is 35 a factor of 1289929?
False
Does 3 divide 49853?
False
Is 30 a factor of 8688930?
True
Is 59 a factor of 45811?
False
Is 316200 a multiple of 10?
True
Does 112 divide 30380?
False
Does 9 divide 3715506?
True
Does 20 divide 493780?
True
Is 922086 a multiple of 107?
False
Is 7 a factor of 21985136?
False
Does 9 divide 257348?
False
Does 22 divide 2582514?
True
Does 13 divide 458551?
False
Does 184 divide 718473?
False
Does 20 divide 283180?
True
Does 63 divide 16956891?
True
Is 21 a factor of 8926055?
False
Is 260590 a multiple of 55?
True
Is 285324 even?
True
Does 4 divide 6125296?
True
Is 57 a factor of 301074?
True
Is 35304 a multiple of 24?
True
Is 136 a factor of 2576928?
True
Is 163 a factor of 27310?
False
Is 18048 a multiple of 4?
True
Is 5 a factor of 133924?
False
Does 262 divide 124188?
True
Is 60999 a multiple of 4?
False
Is 16 a factor of 3326?
False
Is 29 a factor of 173778?
False
Is 92 a factor of 3772?
True
Is 8 a factor of 2272890?
False
Does 99 divide 320958?
True
Is 3780324 a multiple of 204?
True
Does 9 divide 155320?
False
Is 60 a factor of 1529548?
False
Is 72804 a multiple of 37?
False
Does 270 divide 3569762?
False
Is 838844 a multiple of 47?
False
Is 288 a factor of 180000?
True
Does 240 divide 8632942?
False
Does 27 divide 103842?
True
Is 4638912 a multiple of 192?
True
Does 4 divide 1843901?
False
Does 47 divide 105683?
False
Does 30 divide 182700?
True
Is 79 a factor of 798212?
False
Does 365 divide 2403890?
True
Is 1717800 a multiple of 42?
True
Is 14 a factor of 87101?
False
Is 228 a factor of 4691?
False
Does 243 divide 92826?
True
Is 3358511 a multiple of 949?
True
Is 44313 a multiple of 43?
False
Does 3 divide 216176?
False
Does 143 divide 111969?
True
Is 2204670 a multiple of 208?
False
Does 53 divide 1591426?
False
Does 171 divide 8993774?
False
Does 87 divide 2650095?
False
Is 80882 a multiple of 3?
False
Is 4370 a multiple of 168?
False
Is 345528 a multiple of 9?
True
Does 10 divide 652402?
False
Is 3 a factor of 48004?
False
Is 3726473 a multiple of 67?
True
Does 8 divide 567?
False
Is 1769464 a multiple of 58?
True
Is 190 a factor of 17167868?
False
Is 677 a factor of 1565901?
True
Is 515303 a multiple of 251?
True
Is 30 a factor of 3620562?
False
Is 68544 a multiple of 34?
True
Is 359 a factor of 195852?
False
Is 106800 a multiple of 240?
True
Does 32 divide 2177639?
False
Does 52 divide 2263593?
False
Does 40 divide 183200?
True
Is 126350 a multiple of 19?
True
Is 40753 a multiple of 11?
False
Is 74 a factor of 5106000?
True
Does 17 divide 2252?
False
Does 136 divide 104680?
False
Is 54180 a multiple of 213?
False
Does 163 divide 721293?
False
Does 38 divide 56012?
True
Is 1796281 a multiple of 15?
False
Is 2000273 a multiple of 6?
False
Is 167812 a multiple of 58?
False
Does 42 divide 4071150?
False
Is 21 a factor of 2158310?
False
Is 155 a factor of 1021915?
True
Is 325734 a multiple of 61?
False
Does 424 divide 915283?
False
Does 20 divide 272840?
True
Is 783 a factor of 13698585?
True
Is 17 a factor of 20230?
True
Is 197312 a multiple of 83?
False
Is 16083700 a multiple of 1700?
True
Does 1055 divide 1945420?
True
Is 1492631 a multiple of 127?
True
Does 160 divide 2934436?
False
Does 104 divide 22911?
False
Does 195 divide 2463240?
True
Is 2021710 a multiple of 410?
True
Is 5 a factor of 390328?
False
Is 54 a factor of 177552?
True
Is 14 a factor of 598619?
False
Is 6484616 a multiple of 68?
True
Does 807 divide 9313587?
True
Is 9 a factor of 71098?
False
Is 5388628 a multiple of 83?
False
Is 8 a factor of 10239952?
True
Does 35 divide 5273871?
False
Is 370 a factor of 2116319?
False
Does 169 divide 283751?
True
Does 30 divide 1224114?
False
Is 984337 a multiple of 133?
False
Is 10779 a multiple of 6?
False
Does 118 divide 454300?
True
Is 278021 a multiple of 20?
False
Is 224 a factor of 190176?
True
Is 50723 a multiple of 9?
False
Does 39 divide 280521?
False
Does 160 divide 185767?
False
Is 42 a factor of 3481800?
True
Is 8 a factor of 6967912?
True
Does 2 divide 260179?
False
Does 475 divide 3502650?
True
Does 9 divide 6527109?
False
Does 13 divide 978406?
True
Is 25839 a multiple of 33?
True
Is 1866320 a multiple of 164?
True
Does 12 divide 1197948?
True
Is 13856439 a multiple of 1936?
False
Is 2464705 a multiple of 305?
True
Is 1848721 a multiple of 9?
False
Does 269 divide 4228680?
True
Is 58 a factor of 185832?
True
Is 24335908 a multiple of 623?
False
Is 8062969 a multiple of 1356?
False
Is 10 a factor of 1016155?
False
Is 175 a factor of 17612700?
True
Is 18 a factor of 257202?
True
Is 20 a factor of 4559290?
False
Is 113 a factor of 187356?
False
Does 251 divide 8945389?
True
Is 323790 a multiple of 86?
True
Is 137628 a multiple of 124?
False
Is 1511730 a multiple of 90?
True
Is 13 a factor of 181155?
True
Is 144446 a multiple of 18?
False
Is 2198835 a multiple of 131?
True
Does 339 divide 7167138?
True
Is 11 a factor of 1168700?
False
Is 86 a factor of 44892?
True
Does 11 divide 7455?
False
Does 10 divide 1248075?
False
Is 2429445 a multiple of 16?
False
Is 14 a factor of 243306?
True
Is 36 a factor of 680796?
True
Does 57 divide 34998?
True
Does 41 divide 402784?
True
Does 150 divide 3468762?
False
Is 212 a factor of 123905?
False
Is 7853471 a multiple of 17?
False
Is 329047 a multiple of 3?
False
Does 26 divide 149933?
False
Is 2405668 a multiple of 103?
True
Is 23 a factor of 4496707?
True
Is 156 a factor of 68640?
True
Does 2 divide 2641964?
True
Is 523776 a multiple of 192?
True
Does 20 divide 1267929?
False
Is 257355 a multiple of 4?
False
Does 17 divide 3863012?
True
Is 2366368 a multiple of 13?
False
Is 324 a factor of 2740716?
True
Is 627 a factor of 26560974?
True
Is 101 a factor of 12483?
False
Does 7 divide 378?
True
Does 15 divide 1007235?
True
Is 32 a factor of 63117?
False
Is 77 a factor of 217817?
False
Is 81 a factor of 246402?
True
Is 6930588 a multiple of 133?
False
Does 196 divide 823348?
False
Is 248062 a multiple of 62?
True
Is 16 a factor of 1712?
True
Is 42624 a multiple of 192?
True
Is 13 a factor of 1669447?
True
Is 46 a factor of 28606526?
True
Is 55 a factor of 109339?
False
Is 202 a factor of 1022029?
False
Does 82 divide 53300?
True
Does 47 divide 43710?
True
Is 23 a factor of 3461270?
True
Does 8 divide 7195955?
False
Is 64 a factor of 60373?
False
Is 173 a factor of 658784?
True
Is 375415 a multiple of 563?
False
Is 1630440 a multiple of 20?
True
Is 11683260 a multiple of 1410?
True
Is 246 a factor of 13852790?
False
Is 448 a factor of 3502618?
False
Does 828 divide 1204035?
False
Does 145 divide 12530?
False
Is 86203 a multiple of 247?
True
Is 21 a factor of 194378?
False
Does 3 divide 162792?
True
Is 575 a factor of 6874727?
False
Does 6 divide 8436?
True
Does 9 divide 118310?
False
Is 30 a factor of 3959441?
False
Is 208 a f